7?
7
What is the hundred thousands digit of 3677083271?
0
What is the ten thousands digit of 4350114?
5
What is the billions digit of 4484859275?
4
What is the units digit of 1558866107?
7
What is the hundreds digit of 318901814?
8
What is the billions digit of 1121361895?
1
What is the millions digit of 2521272894?
1
What is the ten millions digit of 566789865?
6
What is the ten thousands digit of 198759370?
5
What is the tens digit of 781359315?
1
What is the thousands digit of 3396645853?
5
What is the hundred millions digit of 706083146?
7
What is the hundreds digit of 876795965?
9
What is the millions digit of 204234825?
4
What is the thousands digit of 43513509?
3
What is the hundreds digit of 5566578164?
1
What is the ten millions digit of 34259013?
3
What is the ten millions digit of 138864871?
3
What is the hundreds digit of 76781088?
0
What is the ten millions digit of 70591572?
7
What is the hundreds digit of 61060030?
0
What is the units digit of 4049081?
1
What is the hundred millions digit of 215751055?
2
What is the hundreds digit of 262642098?
0
What is the tens digit of 758308634?
3
What is the millions digit of 50195478?
0
What is the ten millions digit of 24732004?
2
What is the thousands digit of 135640696?
0
What is the ten millions digit of 4929589558?
2
What is the ten millions digit of 291813437?
9
What is the hundred millions digit of 106431385?
1
What is the units digit of 50501982?
2
What is the thousands digit of 190911048?
1
What is the hundred thousands digit of 87375356?
3
What is the hundreds digit of 39597390?
3
What is the millions digit of 337663361?
7
What is the hundreds digit of 150167644?
6
What is the thousands digit of 15802430?
2
What is the ten thousands digit of 941295270?
9
What is the thousands digit of 1097629?
7
What is the units digit of 504866228?
8
What is the tens digit of 266971096?
9
What is the units digit of 59711992?
2
What is the thousands digit of 319015225?
5
What is the units digit of 788797897?
7
What is the millions digit of 417120003?
7
What is the hundred thousands digit of 66468403?
4
What is the ten millions digit of 3011519562?
1
What is the thousands digit of 84854914?
4
What is the units digit of 14087057?
7
What is the billions digit of 2484479386?
2
What is the tens digit of 330004442?
4
What is the units digit of 6210410627?
7
What is the ten thousands digit of 17307811?
0
What is the tens digit of 375574796?
9
What is the tens digit of 215678164?
6
What is the hundred millions digit of 1480130728?
4
What is the hundreds digit of 42013960?
9
What is the hundreds digit of 426853851?
8
What is the tens digit of 483597967?
6
What is the ten thousands digit of 47378224?
7
What is the hundred thousands digit of 21894976?
8
What is the billions digit of 1196671745?
1
What is the hundred thousands digit of 5315971?
3
What is the ten millions digit of 379488721?
7
What is the ten millions digit of 130714382?
3
What is the ten thousands digit of 38512022?
1
What is the ten thousands digit of 2217702?
1
What is the hundred thousands digit of 52121998?
1
What is the units digit of 7533846153?
3
What is the millions digit of 436600846?
6
What is the thousands digit of 14466939?
6
What is the units digit of 66438170?
0
What is the hundreds digit of 1470864231?
2
What is the hundred thousands digit of 359690735?
6
What is the millions digit of 60278648?
0
What is the ten thousands digit of 128075397?
7
What is the tens digit of 974993328?
2
What is the units digit of 49019508?
8
What is the billions digit of 3907969041?
3
What is the millions digit of 803966192?
3
What is the ten thousands digit of 2783251126?
5
What is the hundred thousands digit of 1610329260?
3
What is the hundreds digit of 329466306?
3
What is the units digit of 2348989879?
9
What is the units digit of 66948111?
1
What is the millions digit of 859459987?
9
What is the millions digit of 202366951?
2
What is the thousands digit of 833423311?
3
What is the hundred millions digit of 317487457?
3
What is the hundreds digit of 4794322329?
3
What is the millions digit of 1416890800?
6
What is the units digit of 1679048003?
3
What is the units digit of 2459782510?
0
What is the billions digit of 2084236753?
2
What is the billions digit of 2319703457?
2
What is the thousands digit of 680969022?
9
What is the ten thousands digit of 42914083?
1
What is the hundred thousands digit of 4114294505?
2
What is the hundreds digit of 1623817877?
8
What is the thousands digit of 49554006?
4
What is the hundred thousands digit of 7444178?
4
What is the ten millions digit of 1734923585?
3
What is the hundred millions digit of 246585989?
2
What is the ten millions digit of 131116448?
3
What is the millions digit of 1983824564?
3
What is the billions digit of 1134143436?
1
What is the thousands digit of 473388051?
8
What is the millions digit of 53202528?
3
What is the millions digit of 139232518?
9
What is the ten millions digit of 216660269?
1
What is the millions digit of 20389880?
0
What is the hundred thousands digit of 224904531?
9
What is the ten millions digit of 534500144?
3
What is the ten thousands digit of 8565375847?
7
What is the billions digit of 4509931950?
4
What is the ten thousands digit of 121911694?
1
What is the thousands digit of 178946985?
6
What is the thousands digit of 9337228?
7
What is the units digit of 3665755913?
3
What is the units digit of 12891032?
2
What is the hundred thousands digit of 1808085330?
0
What is the ten millions digit of 31447158?
3
What is the tens digit of 90697991?
9
What is the ten millions digit of 53639508?
5
What is the hundred thousands digit of 1208005067?
0
What is the millions digit of 3613890855?
3
What is the tens digit of 2970555313?
1
What is the billions digit of 1999370411?
1
What is the tens digit of 29005?
0
What is the thousands digit of 4268786318?
6
What is the thousands digit of 38192572?
2
What is the hundred thousands digit of 166526?
1
What is the units digit of 75950646?
6
What is the billions digit of 4532693709?
4
What is the units digit of 92631235?
5
What is the ten thousands digit of 614693690?
9
What is the hundred thousands digit of 433036594?
0
What is the hundreds digit of 461949334?
3
What is the ten millions digit of 227697754?
2
What is the ten thousands digit of 50217531?
1
What is the hundred thousands digit of 862459539?
4
What is the hundred millions digit of 106220216?
1
What is the units digit of 100878771?
1
What is the millions digit of 272382917?
2
What is the billions digit of 3814985312?
3
What is the units digit of 2333025224?
4
What is the thousands digit of 183850323?
0
What is the ten thousands digit of 2573784029?
8
What is the hundred thousands digit of 978591962?
5
What is the hundreds digit of 57992025?
0
What is the ten millions digit of 2167152502?
6
What is the ten millions digit of 587759547?
8
What is the hundred millions digit of 2826821547?
8
What is the ten millions digit of 1381671462?
8
What is the hundred thousands digit of 189853781?
8
What is the millions digit of 34591869?
4
What is the ten thousands digit of 281688205?
8
What is the units digit of 732266132?
2
What is the units digit of 11346772?
2
What is the hundreds digit of 2246472709?
7
What is the thousands digit of 3052592618?
2
What is the millions digit of 210464964?
0
What is the hundreds digit of 119373549?
5
What is the millions digit of 1207450733?
7
What is the hundred millions digit of 614207580?
6
What is the thousands digit of 480589545?
9
What is the millions digit of 1744153437?
4
What is the thousands digit of 21775414?
5
What is the hundreds digit of 294352430?
4
What is the units digit of 4051340?
0
What is the millions digit of 1101734953?
1
What is the millions digit of 789437576?
9
What is the hundred thousands digit of 4929977?
9
What is the hundred thousands digit of 33250364?
2
What is the ten millions digit of 1087046200?
8
What is the ten millions digit of 65471871?
6
What is the ten thousands digit of 61544683?
4
What is the millions digit of 72744676?
2
What is the ten thousands digit of 1046311621?
1
What is the millions digit of 85022830?
5
What is the hundreds digit of 7731595?
5
What is the millions digit of 218209807?
8
What i